{"id":118,"date":"2024-02-08T22:23:04","date_gmt":"2024-02-08T21:23:04","guid":{"rendered":"http:\/\/adwokat-kolaczkiewicz.pl\/?page_id=118"},"modified":"2024-04-12T13:56:10","modified_gmt":"2024-04-12T11:56:10","slug":"o-kancelarii","status":"publish","type":"page","link":"http:\/\/adwokat-kolaczkiewicz.pl\/index.php\/o-kancelarii\/","title":{"rendered":"O Kancelarii"},"content":{"rendered":"\n<p><\/p>\n\n\n\n<figure class=\"wp-block-image size-large is-resized has-custom-border\"><img fetchpriority=\"high\" decoding=\"async\" width=\"1024\" height=\"683\" src=\"http:\/\/adwokat-kolaczkiewicz.pl\/wp-content\/uploads\/2023\/12\/DSC04826-2-1024x683.jpg\" alt=\"\" class=\"wp-image-49\" style=\"border-radius:20px;width:760px;height:auto\" srcset=\"http:\/\/adwokat-kolaczkiewicz.pl\/wp-content\/uploads\/2023\/12\/DSC04826-2-1024x683.jpg 1024w, http:\/\/adwokat-kolaczkiewicz.pl\/wp-content\/uploads\/2023\/12\/DSC04826-2-300x200.jpg 300w, http:\/\/adwokat-kolaczkiewicz.pl\/wp-content\/uploads\/2023\/12\/DSC04826-2-768x512.jpg 768w, http:\/\/adwokat-kolaczkiewicz.pl\/wp-content\/uploads\/2023\/12\/DSC04826-2-1536x1024.jpg 1536w, http:\/\/adwokat-kolaczkiewicz.pl\/wp-content\/uploads\/2023\/12\/DSC04826-2-2048x1365.jpg 2048w\" sizes=\"(max-width: 1024px) 100vw, 1024px\" \/><\/figure>\n\n\n\n<p>Indywidualn\u0105 kancelari\u0119 prowadz\u0119 jako adwokat od 2010 r. Uko\u0144czy\u0142em prawo na Uniwersytecie Adama Mickiewicza w Poznaniu. Aplikacj\u0119 adwokack\u0105 odby\u0142em w kancelarii \u201eReichelt, Gutowski i Partnerzy \u2013 Sp\u00f3\u0142ka Adwokacka\u201d w Poznaniu, pod patronatem prof. UAM dr hab. adw. Macieja Gutowskiego. Dzia\u0142a\u0142em jako jeden z zast\u0119pc\u00f3w rzecznika dyscyplinarnego, a&nbsp; obecnie orzekam w S\u0105dzie Dyscyplinarnym Wielkopolskiej Izby Adwokackiej.<\/p>\n\n\n\n<p>Kancelaria reprezentuje osoby fizyczne jak i podmioty gospodarcze w sporach s\u0105dowych z zakresu prawa cywilnego, w tym w post\u0119powaniach gospodarczych, karnego, pracy, administracyjnego oraz rodzinnego.<\/p>\n\n\n\n<p>W <strong>sprawach karnych<\/strong> wykonuj\u0119 funkcj\u0119 obro\u0144cy na ka\u017cdym etapie, od&nbsp; post\u0119powania przygotowawczego, poprzez s\u0105dowe a\u017c do wykonawczego. Dzia\u0142am tak\u017ce jako pe\u0142nomocnik pokrzywdzonych pomagaj\u0105c uzyska\u0107 naprawienie szkody lub zado\u015b\u0107uczynienie. Sporz\u0105dzam i wnosz\u0119 nadzwyczajne \u015brodki zaskar\u017cenia.&nbsp;<\/p>\n\n\n\n<p>Do spraw cywilnych obj\u0119tych zakresem us\u0142ug \u015bwiadczonych przez kancelari\u0119 zaliczaj\u0105 si\u0119 mi\u0119dzy innymi szeroko rozumiane <strong>spory wynikaj\u0105ce z niewykonania lub nienale\u017cytego wykonania zobowi\u0105za\u0144<\/strong>, post\u0119powania <strong>spadkowe, <\/strong>w tym o dzia\u0142 spadku lub zachowek, post\u0119powania dotycz\u0105ce <strong>nieruchomo\u015bci, <\/strong>takie jak o zniesienie wsp\u00f3\u0142w\u0142asno\u015bci, zasiedzenie.<\/p>\n\n\n\n<p>Reprezentujemy klient\u00f3w w sprawach przeciwko bankom na tle zawartych <strong>kredyt\u00f3w walutowych <\/strong>oraz innych post\u0119powaniach w imieniu&nbsp;konsument\u00f3w na tle spor\u00f3w wynikaj\u0105cych ze stosowania klauzul niedozwolonych.<\/p>\n\n\n\n<p>Istotn\u0105 cz\u0119\u015bci\u0105 dzia\u0142alno\u015bci kancelarii s\u0105 sprawy przeciwko&nbsp;<strong>ubezpieczycielom o odszkodowania za&nbsp;szkody maj\u0105tkowe oraz osobowe<\/strong>, w tym&nbsp;<strong>szkody komunikacyjne.<\/strong> Dochodzimy odszkodowa\u0144 za doznany uszczerbek na zdrowiu, zado\u015b\u0107uczynienie za doznan\u0105 krzywd\u0119 oraz o rent\u0119 z tytu\u0142u ca\u0142kowitej lub cz\u0119\u015bciowej utraty zdolno\u015bci do pracy. Kancelaria reprezentuje klient\u00f3w zar\u00f3wno w pozas\u0105dowych negocjacjach z ubezpieczycielami, jak w procesach s\u0105dowych.<\/p>\n\n\n\n<p><strong>Przedsi\u0119biorcom <\/strong>pomagamy rozwi\u0105zywa\u0107 spory zaistnia\u0142e na tle dzia\u0142alno\u015bci gospodarczej.&nbsp; Tworzymy i analizujemy umowy w obrocie gospodarczym, w tym, umowy z zakresu praw autorskich.&nbsp; Sporz\u0105dzamy opinie dotycz\u0105cy zagadnie\u0144 prawnych istotnych dla naszych klient\u00f3w. Oferujemy kompleksow\u0105 obs\u0142ug\u0105 w ramach sta\u0142ego zlecenia.<\/p>\n\n\n\n<p>W post\u0119powaniach z zakresu <strong>prawa pracy<\/strong> reprezentujemy zar\u00f3wno pracownik\u00f3w i pracodawc\u00f3w.<\/p>\n\n\n\n<p>Wyst\u0119pujemy przed organami oraz s\u0105dami <strong>administracyjnymi,<\/strong> w tym w <strong>post\u0119powaniach dyscyplinarnych<\/strong> w ramach odpowiedzialno\u015bci zawodowej.<\/p>\n\n\n\n<p>W sprawach <strong>rodzinnych<\/strong> prowadzimy procesy o rozw\u00f3d, post\u0119powania o podzia\u0142 maj\u0105tku oraz post\u0119powania z zakresu stosunk\u00f3w rodzic\u00f3w i dzieci.<\/p>\n\n\n\n<p>Kancelaria oferuje elastyczne <strong>wynagrodzenie<\/strong>, dostosowane do charakteru konkretnej sprawy:<\/p>\n\n\n\n<ul class=\"wp-block-list\">\n<li>rycza\u0142towe<\/li>\n\n\n\n<li>mieszane w tym \u201esuccess fee\u201d<\/li>\n\n\n\n<li>ustalane wed\u0142ug stawki godzinowej<\/li>\n<\/ul>\n\n\n\n<p><strong>Prawo cywilne:<\/strong><\/p>\n\n\n\n<ul class=\"wp-block-list\">\n<li>post\u0119powania s\u0105dowe i egzekucyjne o\u00a0 zap\u0142at\u0119 nale\u017cno\u015bci<\/li>\n\n\n\n<li>roszczenia z tytu\u0142u niewykonania lub nienale\u017cytego wykonania zobowi\u0105za\u0144<\/li>\n\n\n\n<li>post\u0119powania dotycz\u0105ce kredyt\u00f3w walutowych<\/li>\n\n\n\n<li>reprezentowanie konsument\u00f3w w sprawach roszcze\u0144 z tytu\u0142u r\u0119kojmi i gwarancji<\/li>\n\n\n\n<li>sprawy przeciwko ubezpieczycielom i sprawcom\u00a0 o odszkodowanie za szkody na mieniu lub osobie z tytu\u0142u czyn\u00f3w niedozwolonych<\/li>\n\n\n\n<li>sprawy dotycz\u0105ce nieruchomo\u015bci, np. o\u00a0 zniesienie wsp\u00f3\u0142w\u0142asno\u015bci nieruchomo\u015bci, zasiedzenie<\/li>\n\n\n\n<li>post\u0119powania spadkowe, w szczeg\u00f3lno\u015bci o stwierdzenie nabycia spadku, dzia\u0142 spadku lub zachowek,<\/li>\n<\/ul>\n\n\n\n<p><strong>Prawo karne i prawo wykrocze\u0144:<\/strong><\/p>\n\n\n\n<ul class=\"wp-block-list\">\n<li>obrona w post\u0119powaniu przygotowawczym oraz przed s\u0105dami wszystkich\u00a0 \u00a0 instancji, w sprawach karnych\u00a0<\/li>\n\n\n\n<li>sporz\u0105dzanie pism procesowych, w tym apelacji, kasacji, wniosk\u00f3w o wznowienie post\u0119powania<\/li>\n\n\n\n<li>dzia\u0142anie w charakterze pe\u0142nomocnika pokrzywdzonych w post\u0119powaniu przygotowawczym lub w charakterze oskar\u017cyciela posi\u0142kowego w post\u0119powaniu przed s\u0105dami<\/li>\n\n\n\n<li>sporz\u0105dzanie prywatnych akt\u00f3w oskar\u017cenia i reprezentowanie pokrzywdzonych w sprawach \u015bciganych z oskar\u017cenia prywatnego.<\/li>\n\n\n\n<li>reprezentowanie w post\u0119powaniu karnym wykonawczym w sprawach o odroczenie wykonania kary pozbawienia wolno\u015bci, udzielenie przerwy w wykonaniu kary, wykonanie kary w systemie dozoru elektronicznego<\/li>\n<\/ul>\n\n\n\n<p><strong>Prawo gospodarcze:<\/strong><\/p>\n\n\n\n<ul class=\"wp-block-list\">\n<li>sporz\u0105dzanie um\u00f3w handlowych,\u00a0 w tym z zakresu prawa w\u0142asno\u015bci intelektualnej<\/li>\n\n\n\n<li>sporz\u0105dzanie opinii prawnych<\/li>\n\n\n\n<li>tworzenie sp\u00f3\u0142ek prawa handlowego<\/li>\n\n\n\n<li>tworzenie regulamin\u00f3w<\/li>\n\n\n\n<li>prowadzenie bie\u017c\u0105cej obs\u0142ugi prawnej<\/li>\n<\/ul>\n\n\n\n<p><strong>Prawo rodzinne:<\/strong><\/p>\n\n\n\n<ul class=\"wp-block-list\">\n<li>sprawy o rozw\u00f3d i separacj\u0119<\/li>\n\n\n\n<li>podzia\u0142 maj\u0105tku wsp\u00f3lnego ma\u0142\u017conk\u00f3w<\/li>\n\n\n\n<li>roszczenia alimentacyjne<\/li>\n\n\n\n<li>wykonywanie w\u0142adzy rodzicielskiej oraz ustalenie kontakt\u00f3w z dzie\u0107mi<\/li>\n<\/ul>\n\n\n\n<p><strong>Prawo pracy i ubezpiecze\u0144 spo\u0142ecznych:<\/strong><\/p>\n\n\n\n<ul class=\"wp-block-list\">\n<li>spory o ustalenie istnienia stosunku pracy<\/li>\n\n\n\n<li>sprawy o odszkodowanie lub przywr\u00f3cenie do pracy w skutek sprzecznego z prawem \u00a0 rozwi\u0105zania stosunku pracy<\/li>\n\n\n\n<li>post\u0119powania dotycz\u0105ce wypadk\u00f3w przy pracy<\/li>\n\n\n\n<li>post\u0119powania z tytu\u0142u odpowiedzialno\u015bci materialnej pracownik\u00f3w<\/li>\n\n\n\n<li>odwo\u0142ania do s\u0105d\u00f3w od decyzji ZUS<\/li>\n<\/ul>\n\n\n\n<p><strong>Prawo administracyjne:<\/strong><\/p>\n\n\n\n<ul class=\"wp-block-list\">\n<li>reprezentowanie stron w post\u0119powaniach przed organami administracji publicznej oraz przed WSA i NSA<\/li>\n\n\n\n<li>post\u0119powania dyscyplinarne z tytu\u0142u odpowiedzialno\u015bci zawodowej\u00a0<\/li>\n\n\n\n<li>sporz\u0105dzanie odwo\u0142a\u0144 od decyzji organ\u00f3w, skarg do WSA oraz skarg kasacyjnych do NSA<\/li>\n<\/ul>\n","protected":false},"excerpt":{"rendered":"<p>Indywidualn\u0105 kancelari\u0119 prowadz\u0119 jako adwokat od 2010 r. Uko\u0144czy\u0142em prawo na Uniwersytecie Adama Mickiewicza w Poznaniu. Aplikacj\u0119 adwokack\u0105 odby\u0142em w kancelarii \u201eReichelt, Gutowski i Partnerzy \u2013 Sp\u00f3\u0142ka Adwokacka\u201d w Poznaniu, pod patronatem prof. UAM dr hab. adw. Macieja Gutowskiego. Dzia\u0142a\u0142em jako jeden z zast\u0119pc\u00f3w rzecznika dyscyplinarnego, a&nbsp; obecnie orzekam w S\u0105dzie Dyscyplinarnym Wielkopolskiej Izby Adwokackiej. [&hellip;]<\/p>\n","protected":false},"author":1,"featured_media":0,"parent":0,"menu_order":0,"comment_status":"closed","ping_status":"closed","template":"","meta":{"_editorskit_title_hidden":false,"_editorskit_reading_time":0,"_editorskit_is_block_options_detached":false,"_editorskit_block_options_position":"{}","footnotes":""},"class_list":["post-118","page","type-page","status-publish","hentry"],"_links":{"self":[{"href":"http:\/\/adwokat-kolaczkiewicz.pl\/index.php\/wp-json\/wp\/v2\/pages\/118","targetHints":{"allow":["GET"]}}],"collection":[{"href":"http:\/\/adwokat-kolaczkiewicz.pl\/index.php\/wp-json\/wp\/v2\/pages"}],"about":[{"href":"http:\/\/adwokat-kolaczkiewicz.pl\/index.php\/wp-json\/wp\/v2\/types\/page"}],"author":[{"embeddable":true,"href":"http:\/\/adwokat-kolaczkiewicz.pl\/index.php\/wp-json\/wp\/v2\/users\/1"}],"replies":[{"embeddable":true,"href":"http:\/\/adwokat-kolaczkiewicz.pl\/index.php\/wp-json\/wp\/v2\/comments?post=118"}],"version-history":[{"count":6,"href":"http:\/\/adwokat-kolaczkiewicz.pl\/index.php\/wp-json\/wp\/v2\/pages\/118\/revisions"}],"predecessor-version":[{"id":151,"href":"http:\/\/adwokat-kolaczkiewicz.pl\/index.php\/wp-json\/wp\/v2\/pages\/118\/revisions\/151"}],"wp:attachment":[{"href":"http:\/\/adwokat-kolaczkiewicz.pl\/index.php\/wp-json\/wp\/v2\/media?parent=118"}],"curies":[{"name":"wp","href":"https:\/\/api.w.org\/{rel}","templated":true}]}}

<p></p>



<figure class="wp-block-image size-large is-resized has-custom-border"><img fetchpriority="high" decoding="async" width="1024" height="683" src="http://adwokat-kolaczkiewicz.pl/wp-content/uploads/2023/12/DSC04826-2-1024x683.jpg" alt="" class="wp-image-49" style="border-radius:20px;width:760px;height:auto" srcset="http://adwokat-kolaczkiewicz.pl/wp-content/uploads/2023/12/DSC04826-2-1024x683.jpg 1024w, http://adwokat-kolaczkiewicz.pl/wp-content/uploads/2023/12/DSC04826-2-300x200.jpg 300w, http://adwokat-kolaczkiewicz.pl/wp-content/uploads/2023/12/DSC04826-2-768x512.jpg 768w, http://adwokat-kolaczkiewicz.pl/wp-content/uploads/2023/12/DSC04826-2-1536x1024.jpg 1536w, http://adwokat-kolaczkiewicz.pl/wp-content/uploads/2023/12/DSC04826-2-2048x1365.jpg 2048w" sizes="(max-width: 1024px) 100vw, 1024px" /></figure>



<p>Indywidualną kancelarię prowadzę jako adwokat od 2010 r. Ukończyłem prawo na Uniwersytecie Adama Mickiewicza w Poznaniu. Aplikację adwokacką odbyłem w kancelarii „Reichelt, Gutowski i Partnerzy – Spółka Adwokacka” w Poznaniu, pod patronatem prof. UAM dr hab. adw. Macieja Gutowskiego. Działałem jako jeden z zastępców rzecznika dyscyplinarnego, a&nbsp; obecnie orzekam w Sądzie Dyscyplinarnym Wielkopolskiej Izby Adwokackiej.</p>



<p>Kancelaria reprezentuje osoby fizyczne jak i podmioty gospodarcze w sporach sądowych z zakresu prawa cywilnego, w tym w postępowaniach gospodarczych, karnego, pracy, administracyjnego oraz rodzinnego.</p>



<p>W <strong>sprawach karnych</strong> wykonuję funkcję obrońcy na każdym etapie, od&nbsp; postępowania przygotowawczego, poprzez sądowe aż do wykonawczego. Działam także jako pełnomocnik pokrzywdzonych pomagając uzyskać naprawienie szkody lub zadośćuczynienie. Sporządzam i wnoszę nadzwyczajne środki zaskarżenia.&nbsp;</p>



<p>Do spraw cywilnych objętych zakresem usług świadczonych przez kancelarię zaliczają się między innymi szeroko rozumiane <strong>spory wynikające z niewykonania lub nienależytego wykonania zobowiązań</strong>, postępowania <strong>spadkowe, </strong>w tym o dział spadku lub zachowek, postępowania dotyczące <strong>nieruchomości, </strong>takie jak o zniesienie współwłasności, zasiedzenie.</p>



<p>Reprezentujemy klientów w sprawach przeciwko bankom na tle zawartych <strong>kredytów walutowych </strong>oraz innych postępowaniach w imieniu&nbsp;konsumentów na tle sporów wynikających ze stosowania klauzul niedozwolonych.</p>



<p>Istotną częścią działalności kancelarii są sprawy przeciwko&nbsp;<strong>ubezpieczycielom o odszkodowania za&nbsp;szkody majątkowe oraz osobowe</strong>, w tym&nbsp;<strong>szkody komunikacyjne.</strong> Dochodzimy odszkodowań za doznany uszczerbek na zdrowiu, zadośćuczynienie za doznaną krzywdę oraz o rentę z tytułu całkowitej lub częściowej utraty zdolności do pracy. Kancelaria reprezentuje klientów zarówno w pozasądowych negocjacjach z ubezpieczycielami, jak w procesach sądowych.</p>



<p><strong>Przedsiębiorcom </strong>pomagamy rozwiązywać spory zaistniałe na tle działalności gospodarczej.&nbsp; Tworzymy i analizujemy umowy w obrocie gospodarczym, w tym, umowy z zakresu praw autorskich.&nbsp; Sporządzamy opinie dotyczący zagadnień prawnych istotnych dla naszych klientów. Oferujemy kompleksową obsługą w ramach stałego zlecenia.</p>



<p>W postępowaniach z zakresu <strong>prawa pracy</strong> reprezentujemy zarówno pracowników i pracodawców.</p>



<p>Występujemy przed organami oraz sądami <strong>administracyjnymi,</strong> w tym w <strong>postępowaniach dyscyplinarnych</strong> w ramach odpowiedzialności zawodowej.</p>



<p>W sprawach <strong>rodzinnych</strong> prowadzimy procesy o rozwód, postępowania o podział majątku oraz postępowania z zakresu stosunków rodziców i dzieci.</p>



<p>Kancelaria oferuje elastyczne <strong>wynagrodzenie</strong>, dostosowane do charakteru konkretnej sprawy:</p>



<ul class="wp-block-list">
<li>ryczałtowe</li>



<li>mieszane w tym „success fee”</li>



<li>ustalane według stawki godzinowej</li>
</ul>



<p><strong>Prawo cywilne:</strong></p>



<ul class="wp-block-list">
<li>postępowania sądowe i egzekucyjne o  zapłatę należności</li>



<li>roszczenia z tytułu niewykonania lub nienależytego wykonania zobowiązań</li>



<li>postępowania dotyczące kredytów walutowych</li>



<li>reprezentowanie konsumentów w sprawach roszczeń z tytułu rękojmi i gwarancji</li>



<li>sprawy przeciwko ubezpieczycielom i sprawcom  o odszkodowanie za szkody na mieniu lub osobie z tytułu czynów niedozwolonych</li>



<li>sprawy dotyczące nieruchomości, np. o  zniesienie współwłasności nieruchomości, zasiedzenie</li>



<li>postępowania spadkowe, w szczególności o stwierdzenie nabycia spadku, dział spadku lub zachowek,</li>
</ul>



<p><strong>Prawo karne i prawo wykroczeń:</strong></p>



<ul class="wp-block-list">
<li>obrona w postępowaniu przygotowawczym oraz przed sądami wszystkich    instancji, w sprawach karnych </li>



<li>sporządzanie pism procesowych, w tym apelacji, kasacji, wniosków o wznowienie postępowania</li>



<li>działanie w charakterze pełnomocnika pokrzywdzonych w postępowaniu przygotowawczym lub w charakterze oskarżyciela posiłkowego w postępowaniu przed sądami</li>



<li>sporządzanie prywatnych aktów oskarżenia i reprezentowanie pokrzywdzonych w sprawach ściganych z oskarżenia prywatnego.</li>



<li>reprezentowanie w postępowaniu karnym wykonawczym w sprawach o odroczenie wykonania kary pozbawienia wolności, udzielenie przerwy w wykonaniu kary, wykonanie kary w systemie dozoru elektronicznego</li>
</ul>



<p><strong>Prawo gospodarcze:</strong></p>



<ul class="wp-block-list">
<li>sporządzanie umów handlowych,  w tym z zakresu prawa własności intelektualnej</li>



<li>sporządzanie opinii prawnych</li>



<li>tworzenie spółek prawa handlowego</li>



<li>tworzenie regulaminów</li>



<li>prowadzenie bieżącej obsługi prawnej</li>
</ul>



<p><strong>Prawo rodzinne:</strong></p>



<ul class="wp-block-list">
<li>sprawy o rozwód i separację</li>



<li>podział majątku wspólnego małżonków</li>



<li>roszczenia alimentacyjne</li>



<li>wykonywanie władzy rodzicielskiej oraz ustalenie kontaktów z dziećmi</li>
</ul>



<p><strong>Prawo pracy i ubezpieczeń społecznych:</strong></p>



<ul class="wp-block-list">
<li>spory o ustalenie istnienia stosunku pracy</li>



<li>sprawy o odszkodowanie lub przywrócenie do pracy w skutek sprzecznego z prawem   rozwiązania stosunku pracy</li>



<li>postępowania dotyczące wypadków przy pracy</li>



<li>postępowania z tytułu odpowiedzialności materialnej pracowników</li>



<li>odwołania do sądów od decyzji ZUS</li>
</ul>



<p><strong>Prawo administracyjne:</strong></p>



<ul class="wp-block-list">
<li>reprezentowanie stron w postępowaniach przed organami administracji publicznej oraz przed WSA i NSA</li>



<li>postępowania dyscyplinarne z tytułu odpowiedzialności zawodowej </li>



<li>sporządzanie odwołań od decyzji organów, skarg do WSA oraz skarg kasacyjnych do NSA</li>
</ul>

<p>Indywidualną kancelarię prowadzę jako adwokat od 2010 r. Ukończyłem prawo na Uniwersytecie Adama Mickiewicza w Poznaniu. Aplikację adwokacką odbyłem w kancelarii „Reichelt, Gutowski i Partnerzy – Spółka Adwokacka” w Poznaniu, pod patronatem prof. UAM dr hab. adw. Macieja Gutowskiego. Działałem jako jeden z zastępców rzecznika dyscyplinarnego, a&nbsp; obecnie orzekam w Sądzie Dyscyplinarnym Wielkopolskiej Izby Adwokackiej. [&hellip;]</p>
